e v(r). Is (g/((-10)/5))/((-1)/(-1193)) a composite number?
False
Let c = 2699 - 441. Let h = c + 28373. Is h composite?
False
Let r(m) = -764*m - 526*m - 607*m. Is r(-1) a composite number?
True
Let r(w) = 9*w**2 - 16*w + 43. Let c = -98 - -102. Suppose a - 44 = -5*z, c*z = 3*z + 2*a. Is r(z) a composite number?
False
Let h = 404685 + -257026. Is h a prime number?
False
Let d(m) = -m**3 + 13*m**2 + 5*m + 7. Suppose -16*q + 21*q - 65 = 0. Let b = q - 1. Is d(b) a composite number?
False
Let r(z) = 3875*z**2 + 8*z - 4. Suppose 0 = -5*m, -5*m - 16 = 4*j + 4. Let i(u) = 5812*u**2 + 13*u - 6. Let b(d) = j*i(d) + 8*r(d). Is b(-1) a prime number?
False
Suppose -10*i + 824502 = -9*i + 115033. Is i a prime number?
True
Let i = 63364 + -18423. Is i a composite number?
True
Let f(d) = -7*d**2 + 51*d - 11 + 26 - 50*d + 31*d**2. Is f(-8) composite?
False
Is 56/12*15837 - (6 + -15)/3 a prime number?
False
Suppose f + 110724 - 432908 = 99462. Is f prime?
False
Suppose -5*h - 3*c = -257636, -4*h + 102*c = 107*c - 206127. Is h composite?
True
Let y = -980 + 3223. Let r = y - 260. Is r prime?
False
Let b be (3 + -4)/((-1)/(-26)). Let i(g) = -187*g - 1. Is i(b) a composite number?
False
Suppose 13*j - 161698 = 12*j - f, 0 = -3*j - 5*f + 485092. Is j composite?
True
Let n = -33 + 37. Suppose -4*k - n*a = 12, -3*k - 5*a - 18 = -k. Let s(j) = 1392*j - 10. Is s(k) a composite number?
True
Let q(b) = 4465*b + 1196. Is q(25) composite?
True
Let w be (-406)/145*(-11630)/4. Suppose -5*y + 4*f = -10215, 4*y + 4*f = f + w. Is y prime?
True
Is (-10)/(-2)*12*69612/360 composite?
True
Suppose 3*k = -2*k - 10. Is 13259/4 + 18/48*k prime?
False
Let n be (13/(-2))/((-5)/10). Suppose -7*r = -1 - n. Is 42991/26*r*1 prime?
True
Let b(l) = 13594*l**2 + l - 25. Is b(4) composite?
True
Let i(w) = 6915*w + 6346. Is i(7) composite?
False
Let m(g) = g**3 - 17*g**2 + 13*g + 83. Is m(20) a composite number?
False
Is ((-214)/(-7))/((-38)/266)*439/(-2) composite?
True
Suppose -24 = -3*w - 4*f, 0 = -2*w - 3*w - 5*f + 35. Suppose 4*q - 84 = -w*i, 4*i = q + 25 + 49. Let h(g) = g**3 - 18*g**2 - 13*g - 37. Is h(i) a prime number?
False
Let i(s) = -5146*s**3 + 4*s**2 + 7*s - 26. Is i(-3) composite?
True
Suppose 0 = -3*s - 2*b - 967, 1 = -b + 2. Let q = 538 + s. Suppose -2*n + q = -221. Is n composite?
True
Let f(d) = -17081*d + 243. Is f(-4) composite?
False
Let u(l) = -94*l**3 + l**2 - l - 1. Let y be u(2). Let d be (24/2)/(-1 + 742/735). Let a = y + d. Is a a prime number?
True
Suppose -14*w = -15*w + 2208. Let c = -1451 + w. Is c composite?
False
Let k(w) = w - 6. Let x be k(10). Let t(q) = 5361*q - 11. Is t(x) a composite number?
False
Let i = 15295 + 8179. Let a = i - 11461. Is a a prime number?
False
Let i(l) = -126*l**3 + l**2 - l - 1. Suppose 4*k + 2 = 14. Suppose -3 = 3*n - 5*c, -5 = 5*n + k*c - 8*c. Is i(n) a prime number?
True
Let n(w) = -w**3 + 18*w**2 + w - 9. Let q be n(18). Is 0*(-2 + 21/q) - -2609 prime?
True
Suppose 7*c - 15867 - 67895 = 0. Let v = c - 7647. Is v prime?
False
Let x(y) = -2445*y - 109. Let z be x(-21). Let q = 76485 - z. Is q prime?
False
Is 815*((-1757)/(-35) + 0) composite?
True
Let d be 8*(-3)/(-4)*222. Suppose -4*g = -3*u + 2009, u - g + d = 3*u. Is (u/(-58))/((-1)/134) prime?
False
Let u be -7*1*(384/(-21) + -4). Let i be ((-4)/(8/13))/(6/u). Let a = -90 - i. Is a composite?
False
Suppose 12*n - 14*n + 252830 = 4*y, -4*y = -2*n + 252846. Is n a composite number?
True
Let v = 540501 - -830800. Is v a prime number?
True
Let t(f) = 824*f**2 - 40*f - 353. Is t(-9) composite?
False
Let y(l) = 276*l**3 - 18*l**2 + 11*l - 16. Is y(9) a composite number?
True
Let b(g) = 2*g**3 + 7*g + 4*g + 7*g - 3*g**2 + 7*g + 3506 - 30*g. Is b(0) a prime number?
False
Let j(s) = -s**3 - 9*s**2 + 36*s. Let y be j(-12). Let m be (-5 - -572) + y + -4. Let i = m + -372. Is i a composite number?
False
Suppose 16*v = 13*v + 9. Let t(d) = -63*d + 123*d - 989*d**v - 62*d. Is t(-1) a prime number?
True
Let x be (-195)/26*(-2116)/6. Suppose 0 = 5*n + 5*y - 27170, -2*n + 3*y + 13538 = x. Suppose -5*d = -4*k + n, 2*d + 2*d - 4 = 0. Is k a composite number?
False
Suppose 12 = -3*o, -5*o - 18690 = -2*u + 14828. Suppose 12*c - 45873 = -u. Is c a composite number?
True
Suppose -2*w = 2*a - 353742, a + 3*w = 133063 + 43804. Is a prime?
False
Suppose 4*w - 24534 = 28502. Is w composite?
False
Suppose -68*u + 77*u - 36 = 0. Suppose -3*l + u = -l, -13737 = -5*q + 4*l. Is q a composite number?
False
Let h be 1*(-2)/(-5) + 2404234/490. Let j = h + -240. Is j composite?
True
Suppose -3*x - 2015548 = -22*a + 17*a, 0 = -x - 1. Is a a prime number?
False
Suppose 0 = -5*h + 5519 + 3736. Let b = h - -1280. Is b a composite number?
True
Let s be ((-6)/14)/((-24)/840). Is 63012/s + 95/(-25) + 4 composite?
False
Let q(x) = -172*x - 134*x + 50*x - 31 - 1011*x. Is q(-2) a prime number?
True
Let w(a) be the first derivative of 4*a**3/3 + 13*a**2/2 - 2*a - 25. Let r be w(-6). Let s = r - -141. Is s composite?
True
Suppose 3*q + 18 = 0, -2*k + 5*q + 400972 = -86092. Is k a prime number?
True
Suppose 78*u - 76*u - 17294 = 0. Suppose -4*q = -r + 4317, -5*q = 5*r - 3*r - u. Is r prime?
False
Let r = 11462 - 6673. Is r a prime number?
True
Let c be 10451*5*36/90. Let l = c - 14759. Is l prime?
True
Suppose w - 11822 = -5*m, -w + 11862 = -0*m - 3*m. Let y = 21218 - w. Is y prime?
True
Suppose 3*f - 99292 = 5*k, -2*f + 26*k + 66211 = 25*k. Is f a prime number?
False
Is (14354*(-74)/(-8))/((-46)/4 + 12) composite?
True
Let n(j) = 3*j**2 - 2*j + 9. Let d be n(0). Suppose -3*i - u + 6157 = 0, -d*i + 3*u + 4112 = -7*i. Is i a prime number?
True
Let c(b) = -2*b**3 - 41*b**2 + 63*b - 41. Is c(-33) composite?
True
Suppose 7928363 - 1661672 = 69*l - 45856392. Is l a prime number?
False
Let v = 14193 + -32952. Let t = -9520 - v. Is t prime?
True
Let g = -55686 - -138701. Is g prime?
False
Suppose 0 = 92*z - 89*z - 9. Is (-16332)/(-8 + 2)*z/6 composite?
False
Suppose 4*k = -12, -5*k - 19 = -5*l + 6. Suppose -m = l*u + u + 15, 2*m + 5 = -u. Is 7*254 + u + 4 composite?
False
Suppose 8*x - 12 + 12 = 0. Suppose 40*m - 265299 + 71899 = x. Is m a composite number?
True
Suppose 13 = 20*y - 47. Suppose 5*b = y*o + 26485, 2*b + 0*o = -4*o + 10594. Is b prime?
True
Let x = 137 + -59. Let f = x - 81. Let g(a) = -2175*a - 22. Is g(f) prime?
False
Let l be (-9)/(-21) + (-44)/21 - (-2912)/21. Let o be 4/14 + (-2778)/21. Let g = l - o. Is g a prime number?
True
Suppose 2*u - 254037 = c, -5*c + 204669 = 3*u - 176419. Is u a prime number?
False
Let o be (12/(-9))/(((-21)/3)/(-102018)). Is (-3)/9 + 4 + o/(-12) prime?
False
Suppose 29797549 = 5*q - 3*x, 0 = 4*q - 2*x - 11619658 - 12218382. Is q a prime number?
True
Let y = -163 - -102. Let p = y - -64. Suppose -5900 = -4*l - 0*l - 4*x, 7343 = 5*l - p*x. Is l a composite number?
False
Suppose -5*u + 10 = -5*x, 4*u = 16 + 4. Suppose 36148 = x*p + 2377. Is p prime?
True
Suppose -5*i + 4*g = -i - 16, -i - 5*g - 8 = 0. Let q be (i + -1)*-564*(-2)/1. Suppose -1493 = -4*x + 5*n, 0 = 3*x + 4*n - 15 - q. Is x a prime number?
False
Let l be -10 + 3 + (-4 - -5). Let k be (-104)/12*9/l. Suppose -14*d = -k*d - 67. Is d a prime number?
True
Suppose 183060 = 2*t + 4*o - 206062, -4*t + 778274 = 3*o. Is t a prime number?
False
Suppose 7*k + 4 = 32. Suppose -8 = 16*g - 20*g, 0 = k*u + 3*g - 15026. Is u composite?
True
Suppose 0 = -15*r + 64374 + 55926. Let d = -4759 + r. Is d prime?
False
Suppose 0 = -4*y + 12, -33*y + 32*y - 5 = -2*n. Suppose -2*a = n*w - 4*a - 22650, 4*w - 22653 = -a. Is w prime?
False
Let f be -4 - 2 - (-2 - 2). Is (-3 + 1358 - -4) + (-4)/f a prime number?
True
Let j be 2/4*(136 + 6). Suppose 0*h + 4*h - 3*k - 245 = 0, -h + 4*k = -j. Let t = 282 - h. Is t composite?
False
Let c = 378 + -578. Let u be ((-18)/(-8))/((-75)/c). Suppose -2*s + 5384 = u*s. Is s a prime number?
True
Let r(l) = -30*l**3 - 3*l**2 + 6*l - 4. Let n be r(3). Let p = n + 350. Let a = p + 988. Is a a composite number?
True
Suppose 0 = -3*x - 2*g + 140475 + 36816, 3*x = 3*g + 177321. Is x a prime number?
False
Let q(r) = 346*r - 13. Suppose 2*o = 46 - 30. Let k(s) = s**2 - 8*s + 11. Let d be k(o). Is q(d) composite?
False
Let d = 7147 + -20347. Let l be 2/(-2 + d/(-6597)). Suppose -f - l = -4*f. Is f prime?
True
Let x = 3964